s be (0 - 4)/((-2)/(-6)). Let c = -2 - s. What are the prime factors of c/15*42/4?
7
Let f(t) = -t**2 + 4*t - 1. Let y be f(3). Let g(s) = s - 8 + 8*s**y + s**3 - 3*s**2 + s + 3. List the prime factors of g(-4).
3
Suppose -5*o = -12 - 8. Suppose -o*z + 325 = z. Suppose -3*u - u + z = 5*v, 4*v - 4 = 0. List the prime factors of u.
3, 5
Suppose 0*m = 2*m - 68. List the prime factors of m.
2, 17
Let q(i) = -23*i + 30. What are the prime factors of q(-6)?
2, 3, 7
Let m = 141 - 32. List the prime factors of m.
109
Let r be 410/15 + (-4)/(-6). Suppose 0 = 3*w - r - 8. What are the prime factors of w?
2, 3
Let t be (-14)/(-7) - (-3)/(-1). Let q(h) = -h**3 + 2*h**2 + h. List the prime factors of q(t).
2
Let m be (6/2)/(3 - 2). Suppose -2*o - o = -m. What are the prime factors of (-155)/(-15) + o/(-3)?
2, 5
Let u(p) = 4*p + 5. Let j be u(8). Suppose 2*b + 104 = 4*b. Let m = b - j. List the prime factors of m.
3, 5
Let m(w) = 2*w**2 - 8*w + 26. List the prime factors of m(-11).
2, 89
What are the prime factors of ((-5)/(-3))/(((-4)/69)/(-4))?
5, 23
Let l be 6/(-5)*(-20)/3. Let s = 11 + l. What are the prime factors of s?
19
Let y = 59 + -44. What are the prime factors of y?
3, 5
Let c = 119 + -54. What are the prime factors of c?
5, 13
Let a(n) = 6*n**3 + 2*n**2 + 4*n + 3. Let u be a(-3). What are the prime factors of (2 + 0)*u/(-18)?
17
Let d be (8/(-3))/(10/(-15)). Suppose 4*p - 3*p = 2*j - 10, -5*j + 43 = 2*p. Suppose j*m - 4*v = d*m + 44, 4*v = -20. List the prime factors of m.
2
Let p(b) = 5*b. Let k be p(1). Suppose 4*h - 141 = 5*l, l = -2*l - 3. Suppose k*w = h + 26. What are the prime factors of w?
2, 3
Suppose 3 = 4*p + 3*r, 3*p - p - r + 1 = 0. Let a be 16 + p + 2 - -1. Suppose s = 2*b + a, s - 3*s = -2*b - 28. List the prime factors of s.
3
Let y(z) = z**3 + 1. Let h be y(-1). Let c(l) = 3*l - 2*l + 4 + h. What are the prime factors of c(12)?
2
Let b = 9 - 5. List the prime factors of 50/(-3)*(-6)/b.
5
Let b = 1807 + -763. List the prime factors of (-14)/(-49) + b/21.
2, 5
Suppose -6*x + 2*x + 132 = 0. Suppose 0 = -5*w + 2*a + x, -4*a + 45 = 5*w - 9*a. List the prime factors of w.
5
Suppose 3*r - 1 = 8. Suppose -h = r*h - 32. List the prime factors of h.
2
Suppose j + v - 20 = 0, -4*j - 6 + 118 = -4*v. Suppose j = -2*y + 6*y. List the prime factors of y.
2, 3
Suppose -5*t + 3*t = -12. Let z be 40/t - (-8)/(-12). List the prime factors of z/((-2)/(-3) + 0).
3
Suppose -5*j + 2*f + 399 = -2*f, 4*j - 328 = f. What are the prime factors of j?
83
Let s(y) = -y**2 + 8*y - 5. Let h be s(6). Let w = h - 3. What are the prime factors of (-2 - -40)*w/8?
19
Suppose 3*q - 41 = 160. List the prime factors of q.
67
Suppose 0 = s - 0*s - 3. Suppose -2*j - 15 = -s*y - 42, -j = y - 11. What are the prime factors of j?
2, 3
Let x(h) = -h**2 + 3*h + 2. Let y be x(3). Suppose -y*j + 7 = -35. What are the prime factors of j?
3, 7
Suppose 0 = -5*l - 5*s + 360, l - 4*s - 49 = 33. What are the prime factors of l?
2, 37
Suppose b + 5 = -0. Let t = b + 7. List the prime factors of t.
2
Let a(v) = -v + 9. Let y = -8 + 15. List the prime factors of a(y).
2
Let j(s) = 2*s**2 + 25*s - 18. Let m(i) = i**2 + 12*i - 9. Let p(v) = 2*j(v) - 5*m(v). Let h be 30/(-4)*8/6. List the prime factors of p(h).
3
Let d(r) = -r**3 - 3*r**2 - 3*r + 4. Let h be d(-5). Suppose a = 4*a + h. Let n = 37 + a. List the prime factors of n.
2, 7
Let l(y) = -y**3 + 10*y**2 - 8*y. Let b be (6*-1)/(4/(-6)). Let w be l(b). Let i = w + -1. What are the prime factors of i?
2
List the prime factors of ((-2)/(-16) + (-111)/120)*-80.
2
Let d(y) = -36*y. What are the prime factors of d(-2)?
2, 3
What are the prime factors of -1*(-1 + 0 - 67)?
2, 17
Suppose 5*b - 7 - 283 = 0. What are the prime factors of b?
2, 29
Let w(p) = -p**3 + p**2 + p + 5. Let l be w(0). Let h = l + -16. Let z = h - -20. List the prime factors of z.
3
Suppose 2*k - 3*k + 5 = 0. Suppose -2 = 4*g - k*g. What are the prime factors of g?
2
Let b = 46 + -24. Let j = b - 7. What are the prime factors of j?
3, 5
Suppose 0 = 2*z + 3 - 29. List the prime factors of 2/z - (-1548)/78.
2, 5
Let l be 389/5 + 2/10. Suppose -4*i - 112 = -4*m, -3*m + l = -2*i + i. What are the prime factors of m?
5
Let m(r) be the first derivative of -r**2/2 + 9*r - 2. List the prime factors of m(7).
2
Let o = 717 + -331. What are the prime factors of o?
2, 193
Suppose 2 = -3*f - 3*w - 19, 0 = -2*f + w - 5. Let q be f*(9/2)/(-1). Let x = 29 - q. What are the prime factors of x?
11
Suppose -17 = -2*v + 121. What are the prime factors of v?
3, 23
Suppose -5*c - 5*n + 15 = 0, 2*n - 4*n = 0. Let p(l) = -l**3 + 0 + 5*l**c - l + 1. What are the prime factors of p(1)?
2
Suppose 0 = -5*q + u + 76, 4*u - 14 - 27 = -3*q. What are the prime factors of q?
3, 5
Suppose 0 = n - 2. Suppose 2*i = -n*p + 14, 4*i - 3 = 7*i - 3*p. What are the prime factors of i?
3
Suppose 8 = -2*t + 26. Let r(b) = -b**3 + 8*b**2 + 11*b + 11. List the prime factors of r(t).
29
Let h = 23 + 11. List the prime factors of h.
2, 17
Let h = 24 - 22. Let b(g) = 4*g - 2. List the prime factors of b(h).
2, 3
Let a(l) = -11*l - 79. What are the prime factors of a(-26)?
3, 23
Let m = 8 - -13. Let i = 32 - m. List the prime factors of i.
11
Let j = 8 - 6. Suppose 1 - j = -k, 4*k + 24 = 4*m. What are the prime factors of m?
7
Let k = 18 + 55. List the prime factors of k.
73
Suppose -686 = -5*j - 231. List the prime factors of j.
7, 13
Suppose -2*n + 3*n - 13 = 0. Let a = n + 19. List the prime factors of a.
2
Suppose 0 = -2*m + 4*m. Let u be 7 + m + 2*-1. Suppose 3*x - 4 = f, -3*x + 2*f = 6 - u. List the prime factors of x.
3
Let g(q) = -q**2 + 11*q - 13. Let p be g(9). What are the prime factors of 8/40 - (-14)/p?
3
Let q(t) = 6*t + 10. What are the prime factors of q(6)?
2, 23
Let k be -2*2*12/(-3). Let i = 27 - k. What are the prime factors of i?
11
Let m be 14/(-21) + 2/3. Suppose m = -2*f - f + 36. List the prime factors of f.
2, 3
Let c = 58 - 38. Suppose -y = -2*t - 8, -5*t + 4*y = 5*y + c. Let z = 4 - t. List the prime factors of z.
2
Let z(d) = -3*d**2 + 2*d + 2. Let w be 1 - (4/(-2) - -1). Let x be z(w). List the prime factors of (-4)/x - (-76)/12.
7
Let a = 21 + 7. What are the prime factors of a?
2, 7
Let r = -5 + 8. Suppose 5*s - 4*c - 95 = 0, r*s - 84 = -2*c - c. Let l = -14 + s. What are the prime factors of l?
3
Let w = 269 - 174. List the prime factors of w.
5, 19
Let d(b) = b + 5. List the prime factors of d(5).
2, 5
Suppose 9 = -4*y + 5*g - 6, g = 3. Suppose 0 = 2*n - y*n - 20. Suppose 3*p - 3*h - 20 = -h, n = 3*p - 4*h. What are the prime factors of p?
2, 5
Let v(b) = -b**3 + 6*b**2 - 4*b - 2. Let q be v(5). Let k = q + -3. Suppose 3*j - 2 - 55 = k. List the prime factors of j.
19
Suppose 4*t - 62 = 3*t - 2*g, 3*g = -2*t + 123. List the prime factors of t.
2, 3, 5
Let q(u) = -8*u - 11. Let c(z) = -7*z - 10. Let f(x) = -7*c(x) + 6*q(x). What are the prime factors of f(-2)?
2
Let j = 36 - -12. What are the prime factors of j?
2, 3
Let o be 15/6*6/5. Suppose o*g = -22 + 70. What are the prime factors of g?
2
Suppose 34 = 3*k + 5*s - 167, -2*k + 133 = 3*s. What are the prime factors of k?
2, 31
Suppose 5*i - 23 = -2*w - w, -i - 1 = -5*w. Suppose 4 = i*v - 2*v. Suppose r - 4 = -v. What are the prime factors of r?
2
Let z = 50 - 35. Let m = z - 4. What are the prime factors of m?
11
Let c = -4 - -4. Suppose 5*y - 15 = 4*m - 4, c = 3*y - 5*m - 17. Let d(b) = -14*b**3 + 1. List the prime factors of d(y).
3, 5
Suppose 48 = -10*r + 7*r. Let w = 27 + r. List the prime factors of w.
11
Let x(l) = l**3 + 3*l**2 - 2*l + 5. Let y be x(-4). Let i be (-2)/y + 6/(-9). Suppose i = 4*f - 5 - 47. What are the prime factors of f?
13
Suppose 5*v = 3*n + 659 - 64, v + 4*n - 142 = 0. What are the prime factors of v?
2, 61
Suppose -3*k + 8*k - 160 = 0. What are the prime factors of k?
2
Suppose -12*n + 11*n + 19 = 0. What are the prime factors of n?
19
Suppose 3*j - 164 = 49. What are the prime factors of j?
71
Let a = -5 - -4. Let c be 1 + (-2 - -3) - -1. List the prime factors of (0 - a)*4*c.
2, 3
List the prime factors of (38*15/(-3))/(7 + -9).
5, 19
Suppose x = m - 26 - 6, -3*x = -4*m + 124. List the prime factors of m.
2, 7
Suppose h + 2 = l, 5*h - l = -0*l - 2. Suppose -r + h*r + 4 = 0. List the prime factors 